vided by 11?
8
Let c = -5 + 5. Suppose z = -2*v - 4*z + 76, c = 2*z. Calculate the remainder when v is divided by 13.
12
Suppose 3*q - 5*r = 95, -2*q + r = -38 - 23. Calculate the remainder when q is divided by 8.
6
Suppose -2*k + 60 = -16. Let s = 20 - 7. Calculate the remainder when k is divided by s.
12
Suppose 3*v = -0*v - 5*q + 113, 0 = 5*v + q - 159. Let f = 9 + 2. Calculate the remainder when v is divided by f.
9
Suppose 8*q - 11 - 13 = 0. Calculate the remainder when 8 is divided by q.
2
Calculate the remainder when (11 + -4 - 3) + 101*1 is divided by 36.
33
Let j = -37 + 61. Let s = 4 - 2. Suppose -s*v + 355 = 3*v. Calculate the remainder when v is divided by j.
23
Let y = 16 - 22. Let f(l) = l**3 + 8*l**2 + 8*l + 2. What is the remainder when f(y) is divided by 14?
12
Let v(a) = 10*a**2 + 2*a + 1. Let s = 9 + -7. Calculate the remainder when 6/(s + (-13)/8) is divided by v(-1).
7
Suppose 5*l + 5*c = 535, 3*c - 2 = c. Calculate the remainder when l is divided by 36.
34
Let v be (-2 - -58)*3/6. Suppose g - v = -0*g. What is the remainder when 53 is divided by g?
25
Let n = 78 + -61. What is the remainder when 43 is divided by n?
9
Let d = 186 - 63. Calculate the remainder when d is divided by 18.
15
Let u = -6 + 10. Let z(x) = 8*x + 4. Let t be z(u). Suppose -24 = -2*q + 4*c, -4*q + t = 3*c + c. What is the remainder when 19 is divided by q?
9
Suppose 3 = n - 11. Let x = n + -7. What is the remainder when 12 is divided by x?
5
What is the remainder when 1*(-8)/12*-369 is divided by 31?
29
Let a = -74 + 104. What is the remainder when a is divided by (-2)/(3 - (-3 - (-100)/16))?
6
Let c(p) = -36*p. What is the remainder when c(-1) is divided by 10?
6
Let f = 13 + 14. What is the remainder when f is divided by 7?
6
Suppose 3*v + 2*j = -8, 4*j = 2*v + 3*j - 4. Suppose 3*o + 4 = 13. Suppose v = o*n - n - 6. What is the remainder when 8 is divided by n?
2
Suppose 2*n + g - 1 = 27, 0 = -n - 2*g + 11. What is the remainder when (-62)/(3 - n/3) is divided by 11?
9
Suppose 27 + 13 = o. What is the remainder when o is divided by 11?
7
Suppose -t + 4*t - 30 = 0. Suppose 6 = 3*h - 24. Calculate the remainder when (-1 - 13)/((-5)/h) is divided by t.
8
Let t = 16 - -21. Calculate the remainder when t is divided by 41/4 + (-6)/24.
7
Suppose 3*p - 56 = -p. What is the remainder when p is divided by 5?
4
Calculate the remainder when 0 + 2 - -2*(-31)/(-2) is divided by 12.
9
Suppose 128 = -4*h + 44. Suppose -4*y = -2*z - 68, 1 = y + 2. Let j = h - z. Calculate the remainder when 43 is divided by j.
13
What is the remainder when 60 is divided by (-4)/(-6) - 122/(-6)?
18
Let g(f) = f**2 - f + 3. What is the remainder when 35 is divided by g(-2)?
8
Let q = 18 - 26. Let b(w) = -3*w - 19. Calculate the remainder when (4 + q)*(-9)/4 is divided by b(-8).
4
Suppose -5*o + 42 = -3. What is the remainder when 26 is divided by o?
8
Let a = 12 + 2. Let x(z) = -21*z**2 - 6*z - 5. Let q(n) = n**2 - n - 1. Let r(l) = 6*q(l) - x(l). Calculate the remainder when r(1) is divided by a.
12
Let s = 36 - 26. Suppose 2*c = -2*t + s, -5*c = t + 2*t - 11. Calculate the remainder when 20 is divided by t.
6
Suppose 3*t - 4*t = -7. Let l be 23/t - (-2)/(-7). Suppose -l*s + 68 = 23. What is the remainder when s is divided by 4?
3
Let x(z) = 2*z**2 - 5*z**3 + 4*z**3 + 2*z**3 + 1. Let b(a) = a. Let g be b(-2). Calculate the remainder when 1 is divided by x(g).
0
Let i = 138 - 77. What is the remainder when 242 is divided by i?
59
Suppose -b = 5*r - 54, 4*r + 2*b - 40 = -2*b. Suppose 5*y - 9 = r. Suppose -3*j = -13 + 7. Calculate the remainder when y is divided by j.
0
Let o be (-101)/(-9) + (-2)/9. Suppose 3*c = -2*c + 4*d + o, 4*c + d = 13. Calculate the remainder when (-2 + c)/1 - -23 is divided by 13.
11
Let m(a) = a - 5. Let h be m(9). Suppose -7*s = -2*s - 3*o - 27, 0 = -2*s + h*o + 22. What is the remainder when 4 is divided by s?
1
Suppose 0*c - 19 = -c. Suppose 5 = -2*d + c. Calculate the remainder when 12 is divided by d.
5
Let z(y) = -y**3 + 9*y**2 - 9*y + 7. Let k be z(7). Let s = -7 + k. Suppose 0 = 2*u + 3*u - s. What is the remainder when u is divided by 4?
3
Let u(y) = 4*y - 36. Calculate the remainder when u(20) is divided by 13.
5
Let q(o) = -o**3 - 2*o + 3. What is the remainder when 5 is divided by q(0)?
2
Let y(q) = q - q**2 + 2*q + 2*q**3 + 22 - 2*q - 3*q**3. Let x be y(0). Let g = 23 + x. What is the remainder when g is divided by 12?
9
Let v(z) = z. Let h be v(8). Suppose 0 = -5*n - 0*n + r + h, 3*r = -4*n + 14. Calculate the remainder when 5 is divided by n.
1
Let s = 228 + -148. Calculate the remainder when s is divided by 42.
38
Let f(i) = 5*i - 14. Let u = 26 - 15. What is the remainder when f(u) is divided by 21?
20
Let l(a) = 22*a**2 - 2. Calculate the remainder when 98 is divided by l(-1).
18
Suppose -r + 23 - 2 = -5*a, 34 = 4*r + 5*a. Let x = 26 - 20. What is the remainder when r is divided by x?
5
Suppose 3*d + 2*d + 2*v - 126 = 0, -d + 12 = -4*v. Calculate the remainder when 93 is divided by (d/(-7))/(2/(-14)).
21
Suppose 3*b = -2*g + 171 - 61, 0 = b - g - 30. Suppose 5*d - 9 = 1. Suppose -m + 36 = d*m. What is the remainder when b is divided by m?
10
Let m(x) = -7*x - 4. Let l = 6 + 6. Calculate the remainder when m(-7) is divided by l.
9
Let g(k) = k + 3. What is the remainder when 5 is divided by g(0)?
2
Suppose 2*f + 2*f = 16. Suppose 12 = -f*l, 2*u + 1 = -0*l - 3*l. Suppose 0 = -k + 3*k - 12. What is the remainder when k is divided by u?
2
Let y(b) = 2*b**2 - 3*b - 1. What is the remainder when (-15)/25 - (-73)/5 is divided by y(3)?
6
Suppose -4*i - 29 = 5*u - 137, 3*i = 5*u - 129. Calculate the remainder when u is divided by 13.
11
Let i = -4 + 5. Suppose 4*a = -i - 11. Let z = 1 - a. Calculate the remainder when 6 is divided by z.
2
Let k = 22 + 4. Let w(q) = q**3 + 17*q**2 + 16*q + 14. Calculate the remainder when k is divided by w(-16).
12
Let s be ((-4)/(-6))/((-2)/(-15)). Suppose 4*d + v - 41 = 0, -36 = -s*d + 2*d + v. Calculate the remainder when 32 is divided by d.
10
Let s(y) = y**2 + 2. Suppose 8 = -2*l + 14. Calculate the remainder when 20 is divided by s(l).
9
Suppose 3*d - 3*g - 63 = 0, -3*d - 5*g + 3 = -28. Calculate the remainder when (-1)/(-1 + (-96)/(-98)) is divided by d.
15
Suppose -3*j - 3*i - 9 + 51 = 0, i = -4*j + 44. Let h = 32 + -11. Suppose -3*a - a = 3*x - 70, x = a - h. Calculate the remainder when a is divided by j.
9
Suppose -1 = -4*l + 4*z + 11, 5*l + z = 9. Suppose l*b + 4*b - 72 = 0. Calculate the remainder when 35 is divided by b.
11
What is the remainder when 14 is divided by (((-33)/6)/11)/(2/(-20))?
4
Let j = 71 + -44. Calculate the remainder when j is divided by 8.
3
Let u(a) = -a**3 - 7*a**2 + 4*a + 1. What is the remainder when u(-9) is divided by 26?
23
Let y(i) be the first derivative of -i**2/2 - 2. What is the remainder when 23 is divided by y(-8)?
7
Suppose -3*x = -52 - 26. Calculate the remainder when x is divided by 7.
5
Suppose 0*a - 30 = 5*a. Let g be (2 + 45/a)*-22. Let l = g + -72. What is the remainder when l is divided by 17?
15
Let j = 139 - 129. Suppose -2*p - 4*s + 96 = 0, 2*s - 218 = -5*p - 18. What is the remainder when p is divided by j?
8
Let w(d) be the first derivative of d**3/3 - 2*d**2 + 7*d + 3. Suppose 0 = 2*j - 5*j + 18. Calculate the remainder when w(j) is divided by 7.
5
Let r = 12 - -1. Suppose 5*w + 102 = 7*w. Calculate the remainder when w is divided by r.
12
Let v = 35 + -18. What is the remainder when 48 is divided by v?
14
Let w(p) = -p**2 - 15*p + 9. Let l(s) = -2*s**3 - 5*s**2 - 3*s. Let o be l(-4). What is the remainder when o/(-8)*16/(-5) is divided by w(-15)?
6
Let o = -2 - -39. Let j = 1 - -18. Calculate the remainder when o is divided by j.
18
What is the remainder when 24/(-30)*-5*62/4 is divided by 16?
14
Let l be 6/(-4)*(-56)/6. What is the remainder when (-4)/l - 1044/(-28) is divided by 20?
17
Suppose -v + 5*v - 32 = 0. What is the remainder when 31 is divided by v?
7
Suppose -3*g - 28 = -7*g. Suppose -3*s = -g*s + 44. Calculate the remainder when 20 is divided by s.
9
Suppose -2*c - 2*z = -16, -5*z - 4 = -c - 2. Suppose -2*k = -c*k + 30. Calculate the remainder when 22 is divided by k.
4
Suppose -20 = -4*b, -3*b = -3*f - 5*b + 58. What is the remainder whe